{"id":5,"date":"2022-04-14T14:36:57","date_gmt":"2022-04-14T14:36:57","guid":{"rendered":"https:\/\/spanishplace.wpengine.com\/?page_id=5"},"modified":"2024-12-05T15:32:24","modified_gmt":"2024-12-05T15:32:24","slug":"beginner-i","status":"publish","type":"page","link":"https:\/\/speakingofcultures.com\/?page_id=5","title":{"rendered":"Beginner I"},"content":{"rendered":"\n<h2 class=\"wp-block-heading\">Aula 1 &#8211; Unidad 0<\/h2>\n\n\n\n<figure class=\"wp-block-table is-style-regular\" style=\"font-size:14px\"><table><tbody><tr><td><strong>Theme\/Grammatical Concept<\/strong><\/td><td class=\"has-text-align-center\" data-align=\"center\"><strong>Comprehensive Activity<\/strong><\/td><td class=\"has-text-align-center\" data-align=\"center\"><strong>Vocabulary Practice<\/strong><\/td><td class=\"has-text-align-center\" data-align=\"center\"><strong>Other Practice during class<\/strong><\/td><td><strong>Practice at Home<\/strong><\/td><\/tr><tr><td>Aprender a presentarnos<\/td><td class=\"has-text-align-center\" data-align=\"center\"><a href=\"http:\/\/spanishplace.wpengine.com\/wp-content\/uploads\/2024\/05\/C1.pdf\" target=\"_blank\" rel=\"noreferrer noopener\">C1<\/a><\/td><td class=\"has-text-align-center\" data-align=\"center\"><\/td><td class=\"has-text-align-center\" data-align=\"center\"><\/td><td><\/td><\/tr><tr><td>Preguntar cosas en clase<\/td><td class=\"has-text-align-center\" data-align=\"center\"><\/td><td class=\"has-text-align-center\" data-align=\"center\"><a href=\"http:\/\/spanishplace.wpengine.com\/wp-content\/uploads\/2024\/05\/V1.pdf\" target=\"_blank\" rel=\"noreferrer noopener\">V1<\/a><\/td><td class=\"has-text-align-center\" data-align=\"center\"><\/td><td><\/td><\/tr><tr><td>Saludar y Despedirnos<\/td><td class=\"has-text-align-center\" data-align=\"center\"><\/td><td class=\"has-text-align-center\" data-align=\"center\"><\/td><td class=\"has-text-align-center\" data-align=\"center\"><a href=\"http:\/\/spanishplace.wpengine.com\/wp-content\/uploads\/2024\/05\/R1.pdf\" target=\"_blank\" rel=\"noreferrer noopener\">R1<\/a><\/td><td><\/td><\/tr><\/tbody><\/table><\/figure>\n\n\n\n<div style=\"height:30px\" aria-hidden=\"true\" class=\"wp-block-spacer\"><\/div>\n\n\n\n<h2 class=\"wp-block-heading\">Aula 1 &#8211; Unidad 1<\/h2>\n\n\n\n<figure class=\"wp-block-table is-style-regular\" style=\"font-size:14px\"><table><tbody><tr><td><strong>Theme\/Grammatical Concept<\/strong><\/td><td class=\"has-text-align-center\" data-align=\"center\"><strong>Comprehensive Activity<\/strong><\/td><td class=\"has-text-align-center\" data-align=\"center\"><strong>Vocabulary Practice<\/strong><\/td><td class=\"has-text-align-center\" data-align=\"center\"><strong>Other Practice during class<\/strong><\/td><td class=\"has-text-align-center\" data-align=\"center\"><strong>Practice at Home<\/strong><\/td><\/tr><tr><td>Abecedario<\/td><td class=\"has-text-align-center\" data-align=\"center\"><\/td><td class=\"has-text-align-center\" data-align=\"center\"><\/td><td class=\"has-text-align-center\" data-align=\"center\"><a href=\"http:\/\/spanishplace.wpengine.com\/wp-content\/uploads\/2024\/05\/L1.pdf\" target=\"_blank\" rel=\"noreferrer noopener\">L1<\/a>, <a href=\"http:\/\/spanishplace.wpengine.com\/wp-content\/uploads\/2024\/05\/S1.pdf\" target=\"_blank\" rel=\"noreferrer noopener\">S1<\/a><\/td><td class=\"has-text-align-center\" data-align=\"center\"><\/td><\/tr><tr><td>Numeros<\/td><td class=\"has-text-align-center\" data-align=\"center\"><\/td><td class=\"has-text-align-center\" data-align=\"center\"><\/td><td class=\"has-text-align-center\" data-align=\"center\"><a href=\"http:\/\/spanishplace.wpengine.com\/wp-content\/uploads\/2024\/05\/L1.pdf\" target=\"_blank\" rel=\"noreferrer noopener\">L1<\/a>, <a href=\"http:\/\/spanishplace.wpengine.com\/wp-content\/uploads\/2024\/05\/S2.pdf\" target=\"_blank\" rel=\"noreferrer noopener\">S2<\/a><\/td><td class=\"has-text-align-center\" data-align=\"center\"><a href=\"http:\/\/spanishplace.wpengine.com\/wp-content\/uploads\/2024\/05\/W1.pdf\" target=\"_blank\" rel=\"noreferrer noopener\">W1<\/a><\/td><\/tr><tr><td>Masculino \/ Femenino<\/td><td class=\"has-text-align-center\" data-align=\"center\"><\/td><td class=\"has-text-align-center\" data-align=\"center\"><\/td><td class=\"has-text-align-center\" data-align=\"center\"><a href=\"http:\/\/spanishplace.wpengine.com\/wp-content\/uploads\/2024\/05\/R2.pdf\" target=\"_blank\" rel=\"noreferrer noopener\">R2<\/a><\/td><td class=\"has-text-align-center\" data-align=\"center\"><a href=\"https:\/\/speakingofcultures.com\/wp-content\/uploads\/2024\/11\/Gramatica-Espanola-A1-B1-Unit-3.pdf\" target=\"_blank\" rel=\"noreferrer noopener\">W2<\/a><\/td><\/tr><tr><td>Nacionalidades<\/td><td class=\"has-text-align-center\" data-align=\"center\"><a href=\"http:\/\/spanishplace.wpengine.com\/wp-content\/uploads\/2024\/05\/C2.pdf\" target=\"_blank\" rel=\"noreferrer noopener\">C2<\/a><\/td><td class=\"has-text-align-center\" data-align=\"center\"><\/td><td class=\"has-text-align-center\" data-align=\"center\"><\/td><td class=\"has-text-align-center\" data-align=\"center\"><a href=\"https:\/\/speakingofcultures.com\/wp-content\/uploads\/2024\/11\/W3.pdf\" target=\"_blank\" rel=\"noreferrer noopener\">W3<\/a><\/td><\/tr><tr><td>Profesiones<\/td><td class=\"has-text-align-center\" data-align=\"center\"><\/td><td class=\"has-text-align-center\" data-align=\"center\"><\/td><td class=\"has-text-align-center\" data-align=\"center\"><\/td><td class=\"has-text-align-center\" data-align=\"center\"><\/td><\/tr><tr><td>Datos Personales<\/td><td class=\"has-text-align-center\" data-align=\"center\"><a href=\"http:\/\/spanishplace.wpengine.com\/wp-content\/uploads\/2024\/05\/C3.pdf\" target=\"_blank\" rel=\"noreferrer noopener\">C3<\/a><\/td><td class=\"has-text-align-center\" data-align=\"center\"><\/td><td class=\"has-text-align-center\" data-align=\"center\"><\/td><td class=\"has-text-align-center\" data-align=\"center\"><\/td><\/tr><tr><td>Introducci\u00f3n a verbos -AR, -IR, -ER<\/td><td class=\"has-text-align-center\" data-align=\"center\"><a href=\"http:\/\/spanishplace.wpengine.com\/wp-content\/uploads\/2024\/05\/C4.pdf\" target=\"_blank\" rel=\"noreferrer noopener\">C4<\/a><\/td><td class=\"has-text-align-center\" data-align=\"center\"><\/td><td class=\"has-text-align-center\" data-align=\"center\"><a href=\"http:\/\/spanishplace.wpengine.com\/wp-content\/uploads\/2024\/05\/S3.pdf\" target=\"_blank\" rel=\"noreferrer noopener\">S3<\/a><\/td><td class=\"has-text-align-center\" data-align=\"center\"><a href=\"http:\/\/spanishplace.wpengine.com\/wp-content\/uploads\/2024\/05\/W4.pdf\" target=\"_blank\" rel=\"noreferrer noopener\">W4<\/a><\/td><\/tr><tr><td>Vocabulario: cosas de la clase, aficiones<\/td><td class=\"has-text-align-center\" data-align=\"center\"><\/td><td class=\"has-text-align-center\" data-align=\"center\"><a href=\"http:\/\/spanishplace.wpengine.com\/wp-content\/uploads\/2024\/05\/V2.pdf\" target=\"_blank\" rel=\"noreferrer noopener\">V2<\/a><\/td><td class=\"has-text-align-center\" data-align=\"center\"><\/td><td class=\"has-text-align-center\" data-align=\"center\"><\/td><\/tr><\/tbody><\/table><\/figure>\n\n\n\n<div style=\"height:30px\" aria-hidden=\"true\" class=\"wp-block-spacer\"><\/div>\n\n\n\n<h2 class=\"wp-block-heading\">Aula 1 &#8211; Unidad 2<\/h2>\n\n\n\n<div class=\"wp-block-columns is-layout-flex wp-container-core-columns-is-layout-9d6595d7 wp-block-columns-is-layout-flex\">\n<div class=\"wp-block-column is-layout-flow wp-block-column-is-layout-flow\" style=\"flex-basis:100%\">\n<figure class=\"wp-block-table is-style-regular\" style=\"font-size:14px\"><table><tbody><tr><td><strong>Theme\/Grammatical Concept<\/strong><\/td><td class=\"has-text-align-center\" data-align=\"center\"><strong>Comprehensive Activity<\/strong><\/td><td class=\"has-text-align-center\" data-align=\"center\"><strong>Vocabulary Practice<\/strong><\/td><td class=\"has-text-align-center\" data-align=\"center\"><strong>Other Practice during class<\/strong><\/td><td class=\"has-text-align-center\" data-align=\"center\"><strong>Practice at Home<\/strong><\/td><\/tr><tr><td>Verbo de intencion: Quiero (+verbo)<\/td><td class=\"has-text-align-center\" data-align=\"center\"><a href=\"http:\/\/spanishplace.wpengine.com\/wp-content\/uploads\/2024\/05\/C5.pdf\" target=\"_blank\" rel=\"noreferrer noopener\">C5<\/a><\/td><td class=\"has-text-align-center\" data-align=\"center\"><\/td><td class=\"has-text-align-center\" data-align=\"center\"><\/td><td class=\"has-text-align-center\" data-align=\"center\"><\/td><\/tr><tr><td>Preposiciones: Por qu\u00e9, Porque, Para, Por, de, a, con<\/td><td class=\"has-text-align-center\" data-align=\"center\"><\/td><td class=\"has-text-align-center\" data-align=\"center\"><\/td><td class=\"has-text-align-center\" data-align=\"center\"><\/td><td class=\"has-text-align-center\" data-align=\"center\"><\/td><\/tr><tr><td>Los art\u00edculos determinados e indeterminados<\/td><td class=\"has-text-align-center\" data-align=\"center\"><\/td><td class=\"has-text-align-center\" data-align=\"center\"><\/td><td class=\"has-text-align-center\" data-align=\"center\"><a href=\"http:\/\/spanishplace.wpengine.com\/wp-content\/uploads\/2024\/05\/W5.pdf\" target=\"_blank\" rel=\"noreferrer noopener\">W5<\/a><br><a href=\"http:\/\/spanishplace.wpengine.com\/wp-content\/uploads\/2024\/05\/W7.pdf\" target=\"_blank\" rel=\"noreferrer noopener\">W7<\/a><\/td><td class=\"has-text-align-center\" data-align=\"center\"><a href=\"https:\/\/speakingofcultures.com\/wp-content\/uploads\/2024\/11\/Gramatica-Espanola-A1-B1-Unit-5.pdf\" target=\"_blank\" rel=\"noreferrer noopener\">W8<\/a><\/td><\/tr><tr><td>Graduar: bien, regular, mal, etc.<\/td><td class=\"has-text-align-center\" data-align=\"center\"><\/td><td class=\"has-text-align-center\" data-align=\"center\"><\/td><td class=\"has-text-align-center\" data-align=\"center\"><\/td><td class=\"has-text-align-center\" data-align=\"center\"><\/td><\/tr><tr><td>Verbos -AR, -IR, -ER<\/td><td class=\"has-text-align-center\" data-align=\"center\"><\/td><td class=\"has-text-align-center\" data-align=\"center\"><a href=\"http:\/\/spanishplace.wpengine.com\/wp-content\/uploads\/2024\/05\/V3.pdf\" target=\"_blank\" rel=\"noreferrer noopener\">V3<\/a><\/td><td class=\"has-text-align-center\" data-align=\"center\"><a href=\"http:\/\/spanishplace.wpengine.com\/wp-content\/uploads\/2024\/05\/S4.pdf\" target=\"_blank\" rel=\"noreferrer noopener\">S4<\/a><\/td><td class=\"has-text-align-center\" data-align=\"center\"><a href=\"http:\/\/spanishplace.wpengine.com\/wp-content\/uploads\/2024\/05\/R3.pdf\" target=\"_blank\" rel=\"noreferrer noopener\">R3<\/a><\/td><\/tr><\/tbody><\/table><\/figure>\n\n\n\n<div style=\"height:30px\" aria-hidden=\"true\" class=\"wp-block-spacer\"><\/div>\n<\/div>\n<\/div>\n\n\n\n<h2 class=\"wp-block-heading\">Aula 1 &#8211; Unidad 3<\/h2>\n\n\n\n<figure class=\"wp-block-table is-style-regular\" style=\"font-size:14px\"><table><tbody><tr><td><strong>Theme\/Grammatical Concept<\/strong><\/td><td class=\"has-text-align-center\" data-align=\"center\"><strong>Comprehensive Activity<\/strong><\/td><td class=\"has-text-align-center\" data-align=\"center\"><strong>Vocabulary Practice<\/strong><\/td><td class=\"has-text-align-center\" data-align=\"center\"><strong>Other Practice during class<\/strong><\/td><td class=\"has-text-align-center\" data-align=\"center\"><strong>Practice at Home<\/strong><\/td><\/tr><tr><td>Hay, Ser v Estar<\/td><td class=\"has-text-align-center\" data-align=\"center\"><a href=\"http:\/\/spanishplace.wpengine.com\/wp-content\/uploads\/2024\/05\/C7.pdf\" target=\"_blank\" rel=\"noreferrer noopener\">C7<\/a><\/td><td class=\"has-text-align-center\" data-align=\"center\"><a href=\"http:\/\/spanishplace.wpengine.com\/wp-content\/uploads\/2024\/05\/V4.pdf\" target=\"_blank\" rel=\"noreferrer noopener\">V4<\/a><\/td><td class=\"has-text-align-center\" data-align=\"center\"><a href=\"http:\/\/spanishplace.wpengine.com\/wp-content\/uploads\/2024\/05\/L3.pdf\" target=\"_blank\" rel=\"noreferrer noopener\">L3<\/a><\/td><td class=\"has-text-align-center\" data-align=\"center\"><a href=\"https:\/\/speakingofcultures.com\/wp-content\/uploads\/2024\/11\/Ser-and-Estar-Examples-R4.docx\" target=\"_blank\" rel=\"noreferrer noopener\">R4<\/a>, <a href=\"http:\/\/spanishplace.wpengine.com\/wp-content\/uploads\/2024\/05\/R5.pdf\" target=\"_blank\" rel=\"noreferrer noopener\">R5<\/a>, <a href=\"http:\/\/spanishplace.wpengine.com\/wp-content\/uploads\/2024\/05\/W6.pdf\" target=\"_blank\" rel=\"noreferrer noopener\">W6<\/a><\/td><\/tr><tr><td>Clima, estaciones, geograf\u00eda<\/td><td class=\"has-text-align-center\" data-align=\"center\"><\/td><td class=\"has-text-align-center\" data-align=\"center\"><\/td><td class=\"has-text-align-center\" data-align=\"center\"><a href=\"http:\/\/spanishplace.wpengine.com\/wp-content\/uploads\/2024\/05\/S5.pdf\" target=\"_blank\" rel=\"noreferrer noopener\">S5<\/a><\/td><td class=\"has-text-align-center\" data-align=\"center\"><\/td><\/tr><tr><td>El superlativo<\/td><td class=\"has-text-align-center\" data-align=\"center\"><\/td><td class=\"has-text-align-center\" data-align=\"center\"><\/td><td class=\"has-text-align-center\" data-align=\"center\"><a href=\"http:\/\/spanishplace.wpengine.com\/wp-content\/uploads\/2024\/05\/S6.pdf\" target=\"_blank\" rel=\"noreferrer noopener\">S6<\/a><\/td><td class=\"has-text-align-center\" data-align=\"center\"><\/td><\/tr><tr><td>Cuantificadores: muy, mucho(s), mucha(s)<\/td><td class=\"has-text-align-center\" data-align=\"center\"><\/td><td class=\"has-text-align-center\" data-align=\"center\"><\/td><td class=\"has-text-align-center\" data-align=\"center\"><a href=\"http:\/\/spanishplace.wpengine.com\/wp-content\/uploads\/2024\/05\/W9.pdf\" target=\"_blank\" rel=\"noreferrer noopener\">W9<\/a><\/td><td class=\"has-text-align-center\" data-align=\"center\"><a href=\"http:\/\/spanishplace.wpengine.com\/wp-content\/uploads\/2024\/05\/R6.pdf\" target=\"_blank\" rel=\"noreferrer noopener\">R6<\/a>, <a href=\"http:\/\/spanishplace.wpengine.com\/wp-content\/uploads\/2024\/05\/W10.pdf\" target=\"_blank\" rel=\"noreferrer noopener\">W10<\/a><\/td><\/tr><tr><td>Interrogaci\u00f3n: Qu\u00e9, cu\u00e1l, por qu\u00e9, etc<\/td><td class=\"has-text-align-center\" data-align=\"center\"><\/td><td class=\"has-text-align-center\" data-align=\"center\"><\/td><td class=\"has-text-align-center\" data-align=\"center\"><a href=\"http:\/\/spanishplace.wpengine.com\/wp-content\/uploads\/2024\/05\/S7.pdf\" target=\"_blank\" rel=\"noreferrer noopener\">S7<\/a><\/td><td class=\"has-text-align-center\" data-align=\"center\"><a href=\"http:\/\/spanishplace.wpengine.com\/wp-content\/uploads\/2024\/05\/W11.pdf\" target=\"_blank\" rel=\"noreferrer noopener\">W11<\/a><\/td><\/tr><\/tbody><\/table><\/figure>\n","protected":false},"excerpt":{"rendered":"<p>Aula 1 &#8211; Unidad 0 Theme\/Grammatical Concept Comprehensive Activity Vocabulary Practice Other Practice during class Practice at Home Aprender a presentarnos C1 Preguntar cosas en clase V1 Saludar y Despedirnos R1 Aula 1 &#8211; Unidad 1 Theme\/Grammatical Concept Comprehensive Activity Vocabulary Practice Other Practice during class Practice at Home Abecedario L1, S1 Numeros L1, S2 [&hellip;]<\/p>\n","protected":false},"author":2,"featured_media":0,"parent":0,"menu_order":0,"comment_status":"closed","ping_status":"closed","template":"","meta":{"footnotes":""},"class_list":["post-5","page","type-page","status-publish","hentry"],"_links":{"self":[{"href":"https:\/\/speakingofcultures.com\/index.php?rest_route=\/wp\/v2\/pages\/5","targetHints":{"allow":["GET"]}}],"collection":[{"href":"https:\/\/speakingofcultures.com\/index.php?rest_route=\/wp\/v2\/pages"}],"about":[{"href":"https:\/\/speakingofcultures.com\/index.php?rest_route=\/wp\/v2\/types\/page"}],"author":[{"embeddable":true,"href":"https:\/\/speakingofcultures.com\/index.php?rest_route=\/wp\/v2\/users\/2"}],"replies":[{"embeddable":true,"href":"https:\/\/speakingofcultures.com\/index.php?rest_route=%2Fwp%2Fv2%2Fcomments&post=5"}],"version-history":[{"count":0,"href":"https:\/\/speakingofcultures.com\/index.php?rest_route=\/wp\/v2\/pages\/5\/revisions"}],"wp:attachment":[{"href":"https:\/\/speakingofcultures.com\/index.php?rest_route=%2Fwp%2Fv2%2Fmedia&parent=5"}],"curies":[{"name":"wp","href":"https:\/\/api.w.org\/{rel}","templated":true}]}}